 units digit of h?
3
Let o = 6 - 4. Let i(t) = -4*t + t + 7 + o*t. What is the units digit of i(0)?
7
Suppose 4 - 1 = -y + 3*d, -y + d = 1. Suppose y = -x - 1. What is the units digit of (-2 - x) + 0 + 2?
1
Let r(p) = -p - 9. Let k be r(12). What is the units digit of (k - 0)/(24/(-32))?
8
Let v(t) = t**2 - 1. Suppose 2*n - b = b - 4, n - 7 = -2*b. Let j(m) = -m**3 - 7*m**2 - 10*m - 5. Let r(i) = n*j(i) - 3*v(i). What is the units digit of r(-9)?
7
Let s(m) = 4*m + 10. Let j be s(-7). Let b be j/(-4) + (-2)/(-4). Let l(a) = -a**3 + 6*a**2 - 3*a - 4. What is the units digit of l(b)?
6
Let z(w) = 2*w**2 + 5*w - 5. Let q be z(4). Suppose -5*s - 12 = -q. Suppose 3*y - 11 = i, -2*i - s = y - 20. What is the units digit of y?
5
Let n(b) = b + 3. Let r(o) = -o**3 - 1. Let w(l) = 6*l**3 + 9*l**2 - 11*l - 2. Let q(m) = 5*r(m) + w(m). Let d be q(-10). What is the units digit of n(d)?
6
Let g be (0 + 7)/((-2)/(-4)). Let a = -70 + g. What is the units digit of a/(-12) - (-2)/6?
5
Suppose 0 = 4*t - 160 - 32. What is the tens digit of t?
4
Let f = -11 + 8. Let y(a) = a + 1. Let s(h) = 2*h + 2. Let t(d) = -5*s(d) + 6*y(d). What is the units digit of t(f)?
8
Let v = 20 - 11. Suppose v = -2*b + 5*b. Suppose 0 = -b*x + 4*c - 8, -c + 16 = 2*x + 3. What is the units digit of x?
4
Suppose -2*l - 51 = -327. What is the units digit of l/10 + 1/5?
4
What is the hundreds digit of (-11124)/(-51) - 12/102?
2
Suppose -16 - 2 = 3*y. What is the units digit of 54/6 + y/2?
6
Suppose 0 = v - 2*v - 3. Let x = v + 4. What is the units digit of 2 - (x + -3)/2?
3
Suppose 0*l - 5*l + 230 = 0. Suppose -5*d + 39 = -l. What is the tens digit of d?
1
Suppose -4*c + 6 = -3*c + 2*g, 2*g + 6 = -4*c. Let b be 12*(3 + 2 + c). What is the units digit of (-8)/b - 26/(-3)?
8
Let z(w) be the second derivative of -w**4/12 + 5*w**3/6 - 2*w**2 - w. Suppose -2*f - 9 = -5*f. What is the units digit of z(f)?
2
Let k be 6/9 + (-111)/(-9). Let q be (-2)/8 - k/(-4). What is the units digit of q - (2/2 + -1)?
3
Let g be (4 - 2)*132/8. Suppose 0 = -3*q + g - 3. What is the units digit of q?
0
Suppose 4*z - 5*q - 522 = 0, -q - 2*q + 250 = 2*z. What is the hundreds digit of z?
1
Suppose -5*h + 320 = 5*g, -3*h = g - 0*h - 70. What is the units digit of g?
1
What is the hundreds digit of (616/6)/(22/33)?
1
Suppose 62*r - 57*r - 620 = 0. What is the hundreds digit of r?
1
Let x(t) be the second derivative of 4*t**3/3 - 4*t**2 + t. Let i(p) = 7*p - 7. Let q(h) = -6*i(h) + 5*x(h). What is the units digit of q(-3)?
8
Let s = 58 - 32. What is the tens digit of s?
2
Let u = -27 + 30. Let h = -1 - -2. Suppose -k = h - u. What is the units digit of k?
2
Suppose 12 = p + 3*d - 4, 30 = p - 4*d. Let l = p - 15. What is the units digit of l?
7
Suppose -3*q = -0*q - 51. Suppose 2*b + 2*l - 39 = q, -b + 24 = -l. What is the units digit of b?
6
What is the hundreds digit of (0 - 109)/(23/(-69))?
3
Suppose -2*g - 3*g = -720. Let n = g + -92. What is the units digit of n?
2
Let v(p) = -p**2 + 26*p + 55. What is the hundreds digit of v(15)?
2
Let p = 123 - 68. What is the tens digit of p?
5
Let r = -1 + 4. Suppose -2*t - r = -7. What is the units digit of t?
2
What is the tens digit of 44/16 + -3 - 915/(-12)?
7
Let o(r) be the first derivative of r**4/4 - 2*r**3/3 - r**2/2 + 4*r + 7. What is the units digit of o(4)?
2
Let u(x) = 3*x. Let y be u(1). Let p be 4*(-1)/(-2)*y. What is the tens digit of (20/p)/(2/6)?
1
Suppose 0 = 2*a - a. Suppose -5*r - x - 2*x + 81 = a, -49 = -3*r - 2*x. Suppose -7 = -z - 3*f, 31 + r = 4*z + 3*f. What is the units digit of z?
3
Suppose 0 = 20*v - 25*v + 330. What is the units digit of v?
6
Suppose 3*n + 3 + 46 = 4*w, 0 = -3*w + 2*n + 38. Let u = w - 14. What is the units digit of u?
2
Suppose 5*k - 2*o = -4*o + 523, 2*k + 4*o = 206. What is the units digit of k?
5
Let n(z) = z**3 + 7*z**2 + 5*z - 3. Let i be n(-6). Suppose i = 4*l - 1. What is the units digit of 0/2 + (3 - l)?
2
Let y = -20 + 56. What is the tens digit of y?
3
Let w = 52 - 46. What is the units digit of w?
6
Let p be (3 + 1)/(1/3). Let z = p - 20. What is the units digit of (1 + 0 - 2)*z?
8
Let s(x) = x**2 + x - 8. Let t be s(0). What is the units digit of (-4)/1*38/t?
9
Suppose 3*p = p + 4*k - 8, k = 2*p - 4. Suppose -2*o + 55 = 5*y, o + p = 2*y - y. What is the units digit of y?
9
Let v(z) = -z**2 - 5*z + 11. What is the units digit of v(-5)?
1
Let v = 4 - 7. What is the tens digit of -2 - v - -8*2?
1
Suppose -2*d + 29 + 93 = 4*k, -d = -k - 70. Let u = 125 - d. Suppose -4*o + u = 2*r, o = -0*r - 2*r + 16. What is the tens digit of o?
1
Let p(r) = -r**2 + 14*r + 9. What is the units digit of p(11)?
2
Let c(x) = 5*x**3 + x. Let s = 3 - 2. Let j be c(s). What is the units digit of (-2 - -1)/((-2)/j)?
3
Suppose -2*w = 2*w + 8. What is the units digit of 1/w + (-26)/(-4)?
6
Let q be (-3)/2*(-66)/9. Let l = q + -7. What is the units digit of l?
4
Let a(s) = s**3 - 2*s**2 - 4*s - 1. Suppose -5 = -2*j + 3. What is the units digit of a(j)?
5
Let o = 4 - 1. Suppose 2*h - 1 = o. Suppose -p = -h*a + 13, 0*a - 5*a + 4*p + 40 = 0. What is the units digit of a?
4
Suppose -4*v + 0*w + 2*w = -170, v - 55 = -2*w. What is the units digit of v?
5
Let c(a) = -4*a + 9. Let o(f) = -5*f + 10. Let l(m) = -4*c(m) + 3*o(m). Let y be l(8). Suppose t = y*t - 15. What is the units digit of t?
5
Let z be ((-2)/3)/((-1)/3). Suppose -8 = -z*d - 0*d. Suppose 3*i - 6 = -o, -8 = -2*i - d*o - 4. What is the units digit of i?
2
Suppose 0 = -7*y + 206 + 207. What is the units digit of y?
9
Suppose -21 = 4*n - 81. What is the tens digit of n?
1
Suppose 4*s - 7*s = 84. What is the units digit of 12/28 + (-324)/s?
2
What is the units digit of (68/(-10))/(20/(-50))?
7
Let h be (-6 - -70) + (-2)/1. Let q = 92 - h. Suppose q = 3*f - 3*g, -2*f + 5*g + 24 = 2*g. What is the units digit of f?
6
Let v(c) = c**2 - 5*c + 3. Let a be v(3). Let d = 8 + a. Suppose -2*x + 6 = 5*f - 60, 5*f + d*x = 75. What is the units digit of f?
2
Let q(u) = -u**2 - 8*u - 10. Suppose 3*l - 12 = 5*l. What is the units digit of q(l)?
2
Let p = 3 - 0. Suppose -p*q - 2 = -2*t, 12 = 2*q + 3*t - t. Suppose -6*z = -q*z + 12, 36 = 5*n + 3*z. What is the units digit of n?
9
Suppose 6*j = 2*j + 36. Let y be 60/j - (-6)/(-9). What is the units digit of (y/5)/(3/10)?
4
Suppose -62 = -2*z - 2*d, 2*d + 3*d + 155 = 5*z. What is the units digit of z?
1
Let m(c) = c**3 - 29*c**2 + 12*c - 2. What is the hundreds digit of m(29)?
3
Let k = 3 - 5. Let x be 16/7 + k/7. Suppose -2*q = 2*y - 7*y + 51, 4*q + 14 = x*y. What is the units digit of y?
1
Let t(b) = b**3 + 4*b**2 - 13*b - 3. What is the units digit of t(-5)?
7
Let r(m) = m**2 + 6*m + 2. Let k be r(-7). Let s = -1 - 0. Let w = k + s. What is the units digit of w?
8
Suppose -50 = -o - 5. Let t be o/20 + (-1)/4. Suppose 0*p = -t*p + 10. What is the units digit of p?
5
Suppose 5*s - 4*s - 88 = 0. What is the units digit of s?
8
Suppose -g + 107 = -b, 5*g + b - 505 = -0*b. Suppose 2*w - 4*w = -g. Suppose -2*t + w = t. What is the tens digit of t?
1
Let m(w) = 4 - 2*w + w**2 + 2 - 2*w. Let b be m(4). Suppose -b*s + 2*s + 28 = 0. What is the units digit of s?
7
Let a = 0 - -29. Let t = -14 + a. What is the units digit of t?
5
Let l = -3 - -4. Let w be (-5)/l*(-12)/5. Suppose 2*b - b = w. What is the tens digit of b?
1
Let v = 0 - 2. Let m = v - -5. Suppose 5*t - 13 = 2*t - c, m*c + 3 = -2*t. What is the units digit of t?
6
Let s = -19 - -20. What is the tens digit of -15 + 43 + -3*s?
2
Let m(h) = h**2 - 6*h - 1. Let o be m(6). Let l be ((-1)/1)/(o/43). Suppose 0 = 3*t - 5 - l. What is the tens digit of t?
1
Let b(u) = -3*u**3 - 2*u - 1. Let g be b(-1). Suppose g*s - v - 29 = 0, -s = -0*v + 5*v - 23. What is the units digit of s?
8
Let w = 0 + 2. Let b = w - -3. Suppose 5*m - 3*p - p = 21, -23 = -b*m + 2*p. What is the units digit of m?
5
Let a(o) = 2 + 3*o**2 - o**2 + 3*o - 2. What is the units digit of a(-5)?
5
Let z(x) = 1. Let o(t) = t**3 + 7*t**2 - t + 11. Let u(h) = o(h) - 5*z(h). What is the units digit of u(-7)?
3
Let t = -22 - -43. What is the units digit of t?
1
Suppose 116 = 3*l - 157. What is the tens digit of l?
9
Let p be ((-2)/(-10))/(2/10). Let i = 4 + p. What is the units digit of i?
5
Let f(y) = -y**3 - 5*y**2 - 5*y - 5. Let n(b) = b - 4. Let k